t is 2202201 (base 4) in base 6?
120053
17d (base 14) to base 6
1231
2434204 (base 5) to base 13
18033
What is 403 (base 16) in base 9?
1361
-88c (base 14) to base 16
-69c
What is 4354 (base 7) in base 3?
2010201
4399 (base 13) to base 9
13827
-224 (base 6) to base 8
-130
-1928 (base 10) to base 6
-12532
792 (base 11) to base 7
2523
Convert -45464 (base 7) to base 6.
-125305
What is -20374 (base 9) in base 16?
-3478
What is 8425 (base 9) in base 11?
4708
-69a7 (base 16) to base 9
-41082
What is 6782 (base 10) in base 6?
51222
-a0 (base 12) to base 13
-93
Convert 84 (base 16) to base 4.
2010
What is -423552 (base 6) in base 10?
-34556
-165d8 (base 14) to base 8
-155362
1200221 (base 3) to base 11
a28
Convert -33 (base 5) to base 3.
-200
What is 665 (base 8) in base 12?
305
Convert 4245 (base 7) to base 5.
22003
Convert -3233 (base 4) to base 11.
-1a8
Convert -13303213 (base 4) to base 6.
-404011
2481 (base 14) to base 3
22202111
-154a (base 11) to base 13
-ba1
2865 (base 11) to base 10
3701
What is -101001101011 (base 2) in base 14?
-d87
What is -105 (base 13) in base 16?
-ae
What is -17b7 (base 13) in base 4?
-313022
-2b2 (base 16) to base 7
-2004
Convert 34516 (base 12) to base 2.
10001000011100010
-7c50 (base 14) to base 6
-244050
What is 25a (base 14) in base 16?
1d8
Convert 31516 (base 7) to base 4.
1321330
-405 (base 13) to base 10
-681
b741 (base 15) to base 9
58147
Convert -1315 (base 9) to base 7.
-2606
-2113010 (base 4) to base 14
-3748
Convert -3011 (base 4) to base 13.
-122
Convert -9155 (base 10) to base 6.
-110215
191c (base 16) to base 2
1100100011100
-615a (base 15) to base 13
-9487
Convert -14102 (base 6) to base 11.
-1719
Convert 2543 (base 9) to base 4.
131232
Convert -100010011101001 (base 2) to base 7.
-102301
Convert 1040104 (base 5) to base 15.
55a4
What is 20617 (base 8) in base 16?
218f
Convert 10011110001011 (base 2) to base 15.
2eed
Convert 1236 (base 8) to base 5.
10140
-3024 (base 6) to base 12
-474
What is 201022 (base 3) in base 8?
1011
Convert 386 (base 13) to base 14.
321
What is 13435 (base 6) in base 7?
6104
What is -210100 (base 4) in base 13?
-1096
Convert 364 (base 9) to base 5.
2201
What is -111101001101 (base 2) in base 13?
-1a24
Convert -7b9 (base 15) to base 5.
-23444
Convert 210003 (base 7) to base 12.
18a16
-123 (base 10) to base 11
-102
Convert 49644 (base 10) to base 3.
2112002200
What is -1dc (base 15) in base 7?
-1155
Convert -101011000111 (base 2) to base 4.
-223013
What is 1355 (base 8) in base 13?
458
-65 (base 16) to base 4
-1211
c3eb (base 16) to base 2
1100001111101011
What is -12333112 (base 4) in base 9?
-43241
Convert -17737 (base 14) to base 7.
-334100
What is -2193 (base 13) in base 16?
-124b
-100100011100001 (base 2) to base 8
-44341
What is 11213212 (base 4) in base 14?
855c
Convert -20253 (base 6) to base 3.
-10200220
What is -1001010110 (base 2) in base 7?
-1513
Convert -ed6 (base 16) to base 9.
-5180
Convert 2b07 (base 12) to base 9.
6827
Convert 1043 (base 6) to base 13.
159
What is -bb (base 13) in base 12?
-10a
What is -7ab (base 13) in base 12?
-924
What is 4b0a (base 14) in base 6?
140502
What is 13222 (base 4) in base 3?
200011
Convert 201 (base 7) to base 15.
69
Convert 1122121211 (base 3) to base 9.
48554
210121101 (base 3) to base 5
1001001
20042 (base 5) to base 6
5520
-323404 (base 5) to base 16
-2b60
9be (base 16) to base 2
100110111110
Convert -4296 (base 10) to base 3.
-12220010
-102102 (base 3) to base 10
-308
Convert -11001100101110 (base 2) to base 6.
-140354
Convert 14913 (base 13) to base 15.
b7c6
Convert -13682 (base 13) to base 15.
-ab32
Convert -1365 (base 7) to base 13.
-324
Convert -15748 (base 10) to base 15.
-49ed
Convert 26250 (base 7) to base 11.
5288
-108e (base 15) to base 16
-db5
What is -6166 (base 7) in base 13?
-c9a
Convert 1010011000100 (base 2) to base 3.
21021220
-10101011111011 (base 2) to base 4
-2223323
What is 315 (base 8) in base 11?
177
10102201212 (base 3) to base 7
401045
10806 (base 9) to base 15
2210
What is 4312 (base 12) in base 13?
3470
-230320 (base 5) to base 9
-12232
What is 21 (base 16) in base 10?
33
Convert 25d (base 16) to base 3.
211102
4a3a (base 14) to base 7
52603
-2201 (base 6) to base 14
-281
What is -10552 (base 8) in base 9?
-6103
Convert 1000122 (base 3) to base 2.
1011101010
40119 (base 10) to base 14
10899
Convert -20a8 (base 14) to base 8.
-13004
-3110302 (base 5) to base 10
-50702
What is 212012122 (base 3) in base 2?
100001000010111
What is -28a4 (base 12) in base 9?
-6437
What is 1443a (base 12) in base 10?
28270
What is 20111 (base 5) in base 8?
2401
Convert -345 (base 12) to base 10.
-485
Convert bf9 (base 16) to base 5.
44230
What is 8ab6 (base 13) in base 2?
100101111010111
110122000 (base 3) to base 6
110343
30a (base 12) to base 8
672
Convert a06 (base 12) to base 13.
873
What is -101 (base 5) in base 13?
-20
Convert 3250 (base 16) to base 6.
135344
-21031 (base 5) to base 11
-1055
56422 (base 8) to base 12
11956
What is -23a7 (base 11) in base 12?
-199a
What is 552 (base 7) in base 3?
101110
1112221201 (base 3) to base 14
b207
Convert bb84 (base 14) to base 7.
163424
-11120 (base 4) to base 6
-1332
233550 (base 6) to base 16
4f4a
What is 153 (base 16) in base 7?
663
What is 389 (base 13) in base 12?
438
Convert -7a59 (base 12) to base 15.
-4070
Convert -1111101 (base 2) to base 10.
-125
-1110001 (base 2) to base 13
-89
What is 34a (base 14) in base 15?
2d9
-71 (base 12) to base 15
-5a
Convert -659 (base 10) to base 8.
-1223
-135252 (base 6) to base 14
-497a
-5c30 (base 16) to base 10
-23600
Convert 12753 (base 15) to base 13.
20b38
314430 (base 6) to base 10
25650
35701 (base 11) to base 13
1a53b
What is -11b2 (base 13) in base 8?
-4717
Convert -2002 (base 9) to base 14.
-764
Convert 62 (base 11) to base 2.
1000100
103370 (base 9) to base 4
33001212
What is -241 (base 13) in base 4?
-12013
Convert -10242 (base 6) to base 13.
-833
346324 (base 7) to base 4
33030220
3b (base 16) to base 5
214
Convert -1111101 (base 2) to base 4.
-1331
-4a95 (base 15) to base 13
-7304
d08 (base 16) to base 7
12504
-10144 (base 8) to base 15
-139b
What is -1001011111 (base 2) in base 6?
-2451
-10111000010 (base 2) to base 8
-2702
What is 131 (base 9) in base 14?
7b
-247 (base 8) to base 9
-205
Convert -746 (base 10) to base 15.
-34b
Convert -468 (base 9) to base 4.
-12002
Convert c7b (base 14) to base 8.
4635
1131222 (base 4) to base 13
2961
What is 3c7 (base 13) in base 16?
29e
133 (base 13) to base 9
254
Convert 2689 (base 11) to base 15.
1075
What is -201010 (base 4) in base 15?
-961
What is 54430 (base 7) in base 3?
200122111
6ca (base 16) to base 6
12014
-2123322 (base 5) to base 3
-1211111120
Convert 23575 (base 10) to base 9.
35304
503 (base 8) to base 5
2243
What is 121121 (base 4) in base 3?
2020012
What is -2907 (base 14) in base 3?
-100221212
-2602 (base 10) to base 3
-10120101
Convert 35e3 (base 15) to base 12.
6773
-16c14 (base 13) to base 16
-ab0c
Convert -366 (base 11) to base 5.
-3220
14 (base 10) to base 7
20
124a (base 12) to base 13
c37
What is -111210111 (base 3) in base 6?
-114321
What is -341 (base 8) in base 10?
-225
What is -1868 (base 9) in base 7?
-4124
What is 1847b (base 14) in base 10?
61261
What is 70251 (base 8) in base 2?
111000010101001
What is -13700 (base 11) in base 2?
-100110000011001
Convert 17772 (base 8) to base 11.
6172
8761 (base 9) to base 11
4938
Convert 1477 (base 8) to base 10.
831
Convert f4 (base 16) to base 13.
15a
10892 (base 12) to base 4
11113232
Convert -6a60 (base 12) to base 4.
-2321220
12440 (base 5) to base 13
5b7
What is 2503 (base 8) in base 10?
1347
What is 1052 (base 6) in base 2?
11111000
210230 (base 4) to base 6
14512
What is -1223 (base 8) in base 15?
-2de
What is -961 (base 13) in base 5?
-22400
Convert 4213 (base 5) to base 6.
2330
74434 (base 8) to base 5
1443004
21120122 (base 3) to base 2
1010110010101
Convert 431022 (base 5) to base 15.
4477
What is 354 (base 15) in base 8?
1362
-10110010101 (base 2) to base 12
-9b1
Convert 3232223 (base 4) to base 12.
8a0b
-92 (base 14) to base 6
-332
Convert -4464 (base 9) to base 6.
-23134
Convert -100304 (base 5) to base 8.
-6204
What is 350333 (base 6) in base 11?
20546
Convert a95 (base 11) to base 5.
20224
-35